 prime factors of 2662303?
7, 380329
What are the prime factors of 9504358?
2, 4752179
List the prime factors of 2384806.
2, 41, 127, 229
List the prime factors of 118944.
2, 3, 7, 59
What are the prime factors of 35467949?
11, 1279, 2521
List the prime factors of 2628422.
2, 19, 263
List the prime factors of 12007337.
1061, 11317
List the prime factors of 701166.
2, 3, 137, 853
What are the prime factors of 4646015?
5, 11, 17, 4969
What are the prime factors of 1006511?
11, 37, 2473
List the prime factors of 3416818.
2, 1708409
List the prime factors of 12809062.
2, 7, 409, 2237
What are the prime factors of 193113?
3, 43, 499
What are the prime factors of 3911129?
3911129
What are the prime factors of 633152?
2, 13, 761
List the prime factors of 235417.
7, 13, 199
What are the prime factors of 10116?
2, 3, 281
What are the prime factors of 679238?
2, 7, 29, 239
What are the prime factors of 35828697?
3, 11942899
List the prime factors of 1442861.
7, 206123
What are the prime factors of 69692?
2, 7, 19, 131
What are the prime factors of 28942603?
167, 173309
List the prime factors of 462966.
2, 3, 7, 73, 151
List the prime factors of 3116636.
2, 779159
List the prime factors of 717332.
2, 7, 11, 17, 137
What are the prime factors of 5410211?
29, 197, 947
What are the prime factors of 4558410?
2, 3, 5, 16883
List the prime factors of 210102.
2, 3, 19, 97
List the prime factors of 39459.
3, 7, 1879
What are the prime factors of 1701938?
2, 7, 17, 7151
List the prime factors of 382652.
2, 271, 353
List the prime factors of 1546852.
2, 386713
What are the prime factors of 381672?
2, 3, 19, 31
List the prime factors of 6288155.
5, 467, 2693
What are the prime factors of 248775?
3, 5, 31, 107
What are the prime factors of 308609?
7, 44087
What are the prime factors of 1825231?
29, 62939
List the prime factors of 1395580.
2, 5, 69779
List the prime factors of 2577273.
3, 859091
What are the prime factors of 3115707?
3, 7, 148367
What are the prime factors of 227759?
7, 32537
List the prime factors of 868637.
7, 11, 29, 389
List the prime factors of 6820636.
2, 59, 28901
What are the prime factors of 25355853?
3, 43, 65519
List the prime factors of 248131.
13, 19087
List the prime factors of 10019462.
2, 1307, 3833
What are the prime factors of 2294114?
2, 41, 101, 277
List the prime factors of 680390.
2, 5, 19, 3581
List the prime factors of 764696.
2, 61, 1567
What are the prime factors of 252517?
23, 10979
List the prime factors of 581015.
5, 29, 4007
What are the prime factors of 250148?
2, 23, 2719
What are the prime factors of 7190344?
2, 7, 128399
What are the prime factors of 390462?
2, 3, 59, 1103
List the prime factors of 30268.
2, 7, 23, 47
List the prime factors of 287722.
2, 263, 547
List the prime factors of 3604300.
2, 5, 7, 19, 271
What are the prime factors of 15552269?
2887, 5387
What are the prime factors of 3779964?
2, 3, 104999
List the prime factors of 60089.
60089
List the prime factors of 8177466.
2, 3, 11, 23, 5387
List the prime factors of 1524711.
3, 508237
List the prime factors of 2642238.
2, 3, 181, 811
What are the prime factors of 4091371?
4091371
What are the prime factors of 268365?
3, 5, 17891
List the prime factors of 11692.
2, 37, 79
List the prime factors of 5653596.
2, 3, 13, 36241
What are the prime factors of 708901?
47, 15083
List the prime factors of 49363.
49363
What are the prime factors of 3280404?
2, 3, 273367
What are the prime factors of 410760?
2, 3, 5, 7, 163
What are the prime factors of 932973?
3, 307, 1013
What are the prime factors of 205116?
2, 3, 17093
List the prime factors of 314754.
2, 3, 11, 19, 251
List the prime factors of 2216420.
2, 5, 110821
List the prime factors of 3842921.
19, 257, 787
List the prime factors of 13433.
7, 19, 101
List the prime factors of 6453033.
3, 2151011
List the prime factors of 435920.
2, 5, 5449
What are the prime factors of 9459214?
2, 127, 167, 223
List the prime factors of 38778.
2, 3, 23, 281
List the prime factors of 1104569.
457, 2417
List the prime factors of 12698543.
11, 13, 88801
What are the prime factors of 543529?
7, 77647
What are the prime factors of 447861?
3, 149287
List the prime factors of 105985.
5, 11, 41, 47
List the prime factors of 1932923.
1932923
List the prime factors of 370319.
547, 677
What are the prime factors of 264648?
2, 3, 11027
List the prime factors of 499370.
2, 5, 49937
What are the prime factors of 3143955?
3, 5, 209597
What are the prime factors of 1194375?
3, 5, 7, 13
What are the prime factors of 16801?
53, 317
List the prime factors of 10169869.
2113, 4813
What are the prime factors of 177991?
11, 1471
List the prime factors of 6974443.
7, 631, 1579
What are the prime factors of 7583121?
3, 7, 13, 47, 197
What are the prime factors of 336731?
83, 4057
List the prime factors of 1825975.
5, 73039
What are the prime factors of 1101776?
2, 13, 5297
List the prime factors of 1852807.
11, 389, 433
List the prime factors of 8490717.
3, 157, 2003
What are the prime factors of 4119486?
2, 3, 7, 43, 2281
List the prime factors of 4224501.
3, 47, 3329
List the prime factors of 3024286.
2, 53, 103, 277
List the prime factors of 3132284.
2, 17, 73, 631
What are the prime factors of 15266727?
3, 7, 242329
List the prime factors of 33287740.
2, 5, 1664387
List the prime factors of 86724.
2, 3, 11, 73
What are the prime factors of 42306391?
42306391
What are the prime factors of 6309644?
2, 11, 143401
What are the prime factors of 289247?
7, 5903
List the prime factors of 2657059.
2657059
What are the prime factors of 203304?
2, 3, 43, 197
List the prime factors of 17032651.
59, 288689
List the prime factors of 2663832.
2, 3, 17, 6529
List the prime factors of 630945.
3, 5, 7, 2003
List the prime factors of 13171664.
2, 11, 67, 1117
List the prime factors of 1207920.
2, 3, 5, 7, 719
List the prime factors of 18644219.
11, 1694929
List the prime factors of 5565936.
2, 3, 17, 19, 359
What are the prime factors of 11137170?
2, 3, 5, 11, 33749
List the prime factors of 6885252.
2, 3, 11, 17387
What are the prime factors of 2050547?
2050547
What are the prime factors of 789327?
3, 7, 11, 17, 67
List the prime factors of 957841.
29, 33029
What are the prime factors of 488680?
2, 5, 19, 643
What are the prime factors of 553785?
3, 5, 36919
List the prime factors of 2176060.
2, 5, 108803
List the prime factors of 268822.
2, 257, 523
What are the prime factors of 251667?
3, 13, 239
What are the prime factors of 107545?
5, 137, 157
What are the prime factors of 11570475?
3, 5, 7, 22039
List the prime factors of 2473126.
2, 17, 72739
What are the prime factors of 4287813?
3, 619, 2309
What are the prime factors of 562751?
7, 17, 4729
What are the prime factors of 74699?
74699
List the prime factors of 13348914.
2, 3, 1163, 1913
What are the prime factors of 901991?
23, 39217
List the prime factors of 1426913.
1426913
What are the prime factors of 6480010?
2, 5, 149, 4349
List the prime factors of 2726191.
13, 209707
What are the prime factors of 662137?
7, 13513
What are the prime factors of 54720?
2, 3, 5, 19
What are the prime factors of 9848?
2, 1231
What are the prime factors of 163027?
163027
List the prime factors of 1908875.
5, 15271
List the prime factors of 188567.
101, 1867
What are the prime factors of 123289?
123289
List the prime factors of 2077273.
11, 188843
What are the prime factors of 13927811?
17, 23, 179, 199
What are the prime factors of 5731993?
31, 184903
What are the prime factors of 2136943?
113, 18911
What are the prime factors of 225737?
37, 6101
List the prime factors of 242910.
2, 3, 5, 2699
What are the prime factors of 29638116?
2, 3, 29, 9463
List the prime factors of 11444244.
2, 3, 7, 19463
List the prime factors of 407898.
2, 3, 17, 31, 43
List the prime factors of 777518.
2, 7, 19, 37, 79
What are the prime factors of 374672?
2, 23417
What are the prime factors of 28301?
7, 13, 311
What are the prime factors of 979419?
3, 7, 46639
List the prime factors of 2457167.
131, 18757
What are the prime factors of 403150?
2, 5, 11, 733
What are the prime factors of 25151327?
41, 613447
List the prime factors of 6674680.
2, 5, 166867
What are the prime factors of 419040?
2, 3, 5, 97
What are the prime factors of 